{"id":9,"date":"2018-04-03T13:22:09","date_gmt":"2018-04-03T11:22:09","guid":{"rendered":"http:\/\/re-unir.net\/?page_id=9"},"modified":"2023-08-19T08:07:31","modified_gmt":"2023-08-19T06:07:31","slug":"lire","status":"publish","type":"page","link":"https:\/\/re-unir.net\/index.php\/lire\/","title":{"rendered":"Me rencontrer"},"content":{"rendered":"<p><img loading=\"lazy\" decoding=\"async\" class=\"alignright\" src=\"http:\/\/re-unir.net\/wp-content\/uploads\/2018\/04\/D2145D25-9BD6-4F33-8D42-D12958383C88.jpeg\" width=\"190\" height=\"289\" \/>+32 (0)473 88 23 74<\/p>\n<p>evelyne@re-unir.net<\/p>\n<p><span style=\"color: #000000;\"><strong>Lieu de consultation:<\/strong><\/span><\/p>\n<p>La Grande Porte<br \/>\nRue Notre Seigneur, 9<br \/>\n1000 Bruxelles &#8211;\u00a0Sonnette : MEDPSY<\/p>\n<p><strong>Comment s&#8217;y rendre et stationner?<\/strong><\/p>\n<ul>\n<li>Stationnement : entr\u00e9e de la Gare Bruxelles Chapelle \u00e0 1&#8242; \u00e0 pied<\/li>\n<li>Proximit\u00e9: Gare de la Chapelle : 1&#8242; \u00e0 pied et Gare Centrale : 7&#8242; \u00e0 pied &#8211;\u00a0<span style=\"text-align: center;\">\u00e0 cot\u00e9 de l&#8217;\u00e9glise des Brigittines et du Sablon<\/span><\/li>\n<\/ul>\n<p><img loading=\"lazy\" decoding=\"async\" class=\" wp-image-172 alignright\" src=\"http:\/\/re-unir.net\/wp-content\/uploads\/2018\/04\/PARKING.png\" alt=\"\" width=\"168\" height=\"224\" srcset=\"https:\/\/re-unir.net\/wp-content\/uploads\/2018\/04\/PARKING.png 311w, https:\/\/re-unir.net\/wp-content\/uploads\/2018\/04\/PARKING-225x300.png 225w\" sizes=\"(max-width: 168px) 100vw, 168px\" \/><\/p>\n<p><img loading=\"lazy\" decoding=\"async\" class=\"alignnone wp-image-244\" src=\"http:\/\/re-unir.net\/wp-content\/uploads\/2018\/05\/Capture-d\u2019\u00e9cran-2018-05-24-\u00e0-22.14.28.png\" alt=\"\" width=\"369\" height=\"295\" srcset=\"https:\/\/re-unir.net\/wp-content\/uploads\/2018\/05\/Capture-d\u2019\u00e9cran-2018-05-24-\u00e0-22.14.28.png 434w, https:\/\/re-unir.net\/wp-content\/uploads\/2018\/05\/Capture-d\u2019\u00e9cran-2018-05-24-\u00e0-22.14.28-300x240.png 300w\" sizes=\"(max-width: 369px) 100vw, 369px\" \/><\/p>\n        <script type=\"text\/javascript\">\n            google.maps.event.addDomListener(window, 'load', function () {\n                var map = new google.maps.Map(document.getElementById(\"srm_gmp_embed_1\"), {\n                    center: new google.maps.LatLng(50.84056630000001,4.349664399999938),\n                    zoom:13,\n                    mapTypeId: google.maps.MapTypeId.ROADMAP,\n                    scrollwheel: '1'\n                });\n\n                \/\/ To view directions form and data\n                                var directionsDisplay = new google.maps.DirectionsRenderer();\n\n                directionsDisplay.setMap(map);\n                directionsDisplay.setPanel(document.getElementById(\"wp_gmap_directions_1\"));\n\n                var btn = document.getElementById('wp_gmap_submit_1');\n                btn.addEventListener('click', function () {\n                    var selectedMode = document.getElementById(\"mode\").value,\n                        start = document.getElementById(\"from_1\").value,\n                        end = document.getElementById(\"to_1\").value;\n                    if (start == '' || end == '') {\n                        \/\/ cannot calculate route\n                        document.getElementById(\"wp_gmap_results_1\").style.display = 'none';\n                        return false;\n                    }\n                    else {\n\n\n                        document.getElementById('wp_gmap_loading_1').style.display = 'block';\n\n                        var request = {\n                            origin: start,\n                            destination: end,\n                            travelMode: google.maps.DirectionsTravelMode[selectedMode]\n                        };\n                        var directionsService = new google.maps.DirectionsService();\n                        directionsService.route(request, function (response, status) {\n                            document.getElementById('wp_gmap_loading_1').style.display = 'none';\n                            if (status == google.maps.DirectionsStatus.OK) {\n                                directionsDisplay.setDirections(response);\n                                document.getElementById(\"wp_gmap_results_1\").style.display = 'block';\n                            }\n                            else {\n                                document.getElementById(\"wp_gmap_results_1\").style.display = 'none';\n                            }\n                        });\n\n                    }\n                });\n                                \/\/=========Direction view end\n\n                var marker = new google.maps.Marker({\n                    position: new google.maps.LatLng(50.84056630000001,4.349664399999938),\n                    map: map,\n                    animation: google.maps.Animation.DROP\n                });\n                marker.setMap(map);\n                                var infowindow = new google.maps.InfoWindow({\n                    content: \"Rue Notre-Seigneur 9, 1000 Bruxelles, Belgique\"\n                });\n                infowindow.open(map, marker);\n                google.maps.event.addListener(marker, 'click', function () {\n                    infowindow.open(map, marker);\n                });\n                \n            });\n\n\n        <\/script>\n\n\n        <div id=\"srm_gmp_embed_1\"\n             style=\"width:100% !important;height:300px  !important;margin:5px 0; \">\n\n        <\/div>\n                    <style type=\"text\/css\">\n                .wp_gmap_direction_box {\n                    width: 100%;\n                    height: auto;\n                    float: left;\n                }\n\n                .wp_gmap_direction_box .fieldcontain {\n                    margin: 8px 0;\n                }\n\n                #wp_gmap_submit {\n                    background-color: #333;\n                    border: 0;\n                    color: #fff;\n                    cursor: pointer;\n                    font-family: \"Noto Sans\", sans-serif;\n                    font-size: 12px;\n                    font-weight: 700;\n                    padding: 13px 24px;\n                    text-transform: uppercase;\n                }\n\n                #wp_gmap_directions {\n                    border: 1px #ddd solid;\n                }\n            <\/style>\n            <div class=\"wp_gmap_direction_box\">\n                <div class=\"ui-bar-c ui-corner-all ui-shadow\" style=\"padding:1em;\">\n                    <div data-role=\"fieldcontain\" class=\"fieldcontain\">\n                        <label for=\"from\">From<\/label>\n                        <input type=\"text\" id=\"from_1\" value=\"Rue Notre-Seigneur 9, 1000 Bruxelles, Belgique\"\/>\n                    <\/div>\n                    <div data-role=\"fieldcontain\" class=\"fieldcontain\">\n                        <label for=\"to\">To<\/label>\n                        <input type=\"text\" id=\"to_1\" value=\"Rue Notre-Seigneur 9, 1000 Bruxelles, Belgique\"\/>\n                    <\/div>\n                    <div data-role=\"fieldcontain\" class=\"fieldcontain\">\n                        <label for=\"mode\" class=\"select\">Transportation method:<\/label>\n                        <select name=\"select-choice-0\" id=\"mode\" style=\"padding: 5px;\">\n                            <option value=\"DRIVING\">Driving<\/option>\n                            <option value=\"WALKING\">Walking<\/option>\n                            <option value=\"BICYCLING\">Bicycling<\/option>\n                        <\/select>\n                    <\/div>\n                    <button type=\"button\" data-icon=\"search\" data-role=\"button\" href=\"#\"\n                            id=\"wp_gmap_submit_1\">Get Directions                    <\/button>\n                    <span id=\"wp_gmap_loading_1\" style=\"display: none;\">Loading...<\/span>\n                <\/div>\n\n                <!-- Directions will be listed here-->\n                <div id=\"wp_gmap_results_1\"\n                     style=\"display:none;max-height: 300px;overflow-y: scroll;\">\n                    <div id=\"wp_gmap_directions_1\"><\/div>\n                <\/div>\n\n            <\/div>\n                \n<p>&nbsp;<\/p>\n<p>&nbsp;<\/p>\n<p style=\"text-align: justify;\"><strong>Comment me contacter?<\/strong><\/p>\n<p style=\"text-align: justify;\">Par respect pour les patients en face de moi et pr\u00e9sents \u00e0 ma consultation, je ne r\u00e9pondrai pas au t\u00e9l\u00e9phone pendant les heures de consultations.<\/p>\n<p style=\"text-align: justify;\"><img loading=\"lazy\" decoding=\"async\" class=\"wp-image-40 alignleft\" src=\"http:\/\/re-unir.net\/wp-content\/uploads\/2018\/04\/493693D4-45CF-4221-84C5-8F58F0BF606D-1024x685.jpeg\" alt=\"\" width=\"299\" height=\"200\" srcset=\"https:\/\/re-unir.net\/wp-content\/uploads\/2018\/04\/493693D4-45CF-4221-84C5-8F58F0BF606D-1024x685.jpeg 1024w, https:\/\/re-unir.net\/wp-content\/uploads\/2018\/04\/493693D4-45CF-4221-84C5-8F58F0BF606D-300x201.jpeg 300w, https:\/\/re-unir.net\/wp-content\/uploads\/2018\/04\/493693D4-45CF-4221-84C5-8F58F0BF606D-768x514.jpeg 768w\" sizes=\"(max-width: 299px) 100vw, 299px\" \/><\/p>\n<p style=\"text-align: justify;\">J\u2019ai, de ce fait, ouvert deux plages t\u00e9l\u00e9phoniques durant lesquelles vous pouvez me contacter au num\u00e9ro de t\u00e9l\u00e9phone 0473 88 23 74, sauf cas d\u2019extr\u00eame urgence bien entendu\u00a0:<\/p>\n<p style=\"text-align: justify;\">les mardi : \u00a0de 18:30 \u00e0 19:15 \u00a0et \u00a0mercredi: de 18:30 \u00e0 19:15<\/p>\n<p style=\"text-align: justify;\">Vous pouvez \u00e9galement me laisser un message \u00e9crit sur le m\u00eame num\u00e9ro ou par mail\u00a0: <a href=\"mailto:evelyne@re-unir.net\">evelyne@re-unir.net<\/a> et je vous r\u00e9pondrai sous 24 heures.<\/p>\n<div role=\"form\" class=\"wpcf7\" id=\"wpcf7-f62-o1\" lang=\"fr-FR\" dir=\"ltr\">\n<div class=\"screen-reader-response\"><\/div>\n<form action=\"\/index.php\/wp-json\/wp\/v2\/pages\/9#wpcf7-f62-o1\" method=\"post\" class=\"wpcf7-form\" novalidate=\"novalidate\">\n<div style=\"display: none;\">\n<input type=\"hidden\" name=\"_wpcf7\" value=\"62\" \/>\n<input type=\"hidden\" name=\"_wpcf7_version\" value=\"5.0.2\" \/>\n<input type=\"hidden\" name=\"_wpcf7_locale\" value=\"fr_FR\" \/>\n<input type=\"hidden\" name=\"_wpcf7_unit_tag\" value=\"wpcf7-f62-o1\" \/>\n<input type=\"hidden\" name=\"_wpcf7_container_post\" value=\"0\" \/>\n<\/div>\n<p><label> Votre nom (obligatoire)<br \/>\n    <span class=\"wpcf7-form-control-wrap your-name\"><input type=\"text\" name=\"your-name\" value=\"\" size=\"40\" class=\"wpcf7-form-control wpcf7-text wpcf7-validates-as-required\" aria-required=\"true\" aria-invalid=\"false\" \/><\/span> <\/label><\/p>\n<p><label> Votre adresse de messagerie (obligatoire)<br \/>\n    <span class=\"wpcf7-form-control-wrap your-email\"><input type=\"email\" name=\"your-email\" value=\"\" size=\"40\" class=\"wpcf7-form-control wpcf7-text wpcf7-email wpcf7-validates-as-required wpcf7-validates-as-email\" aria-required=\"true\" aria-invalid=\"false\" \/><\/span> <\/label><\/p>\n<p><label> Objet<br \/>\n    <span class=\"wpcf7-form-control-wrap your-subject\"><input type=\"text\" name=\"your-subject\" value=\"\" size=\"40\" class=\"wpcf7-form-control wpcf7-text\" aria-invalid=\"false\" \/><\/span> <\/label><\/p>\n<p><label> Votre message<br \/>\n    <span class=\"wpcf7-form-control-wrap your-message\"><textarea name=\"your-message\" cols=\"40\" rows=\"10\" class=\"wpcf7-form-control wpcf7-textarea\" aria-invalid=\"false\"><\/textarea><\/span> <\/label><\/p>\n<p><input type=\"submit\" value=\"Envoyer\" class=\"wpcf7-form-control wpcf7-submit\" \/><\/p>\n<div class=\"wpcf7-response-output wpcf7-display-none\"><\/div><\/form><\/div>\n<p>&nbsp;<\/p>\n","protected":false},"excerpt":{"rendered":"<p>+32 (0)473 88 23 74 evelyne@re-unir.net Lieu de consultation: La Grande Porte Rue Notre Seigneur, 9 1000 Bruxelles &#8211;\u00a0Sonnette : MEDPSY Comment s&#8217;y rendre et stationner? Stationnement : entr\u00e9e de la Gare Bruxelles Chapelle \u00e0 1&#8242; \u00e0 pied Proximit\u00e9: Gare de la Chapelle : 1&#8242; \u00e0 pied et Gare Centrale : 7&#8242; \u00e0 pied &#8211;\u00a0\u00e0 [&hellip;]<\/p>\n","protected":false},"author":1,"featured_media":0,"parent":0,"menu_order":0,"comment_status":"closed","ping_status":"closed","template":"","meta":{"footnotes":""},"_links":{"self":[{"href":"https:\/\/re-unir.net\/index.php\/wp-json\/wp\/v2\/pages\/9"}],"collection":[{"href":"https:\/\/re-unir.net\/index.php\/wp-json\/wp\/v2\/pages"}],"about":[{"href":"https:\/\/re-unir.net\/index.php\/wp-json\/wp\/v2\/types\/page"}],"author":[{"embeddable":true,"href":"https:\/\/re-unir.net\/index.php\/wp-json\/wp\/v2\/users\/1"}],"replies":[{"embeddable":true,"href":"https:\/\/re-unir.net\/index.php\/wp-json\/wp\/v2\/comments?post=9"}],"version-history":[{"count":23,"href":"https:\/\/re-unir.net\/index.php\/wp-json\/wp\/v2\/pages\/9\/revisions"}],"predecessor-version":[{"id":254,"href":"https:\/\/re-unir.net\/index.php\/wp-json\/wp\/v2\/pages\/9\/revisions\/254"}],"wp:attachment":[{"href":"https:\/\/re-unir.net\/index.php\/wp-json\/wp\/v2\/media?parent=9"}],"curies":[{"name":"wp","href":"https:\/\/api.w.org\/{rel}","templated":true}]}}