{"id":6,"date":"2018-04-03T13:22:09","date_gmt":"2018-04-03T11:22:09","guid":{"rendered":"http:\/\/re-unir.net\/?page_id=6"},"modified":"2023-12-31T11:24:01","modified_gmt":"2023-12-31T10:24:01","slug":"accompagnement","status":"publish","type":"page","link":"https:\/\/re-unir.net\/index.php\/accompagnement\/","title":{"rendered":"Accompagnement"},"content":{"rendered":"<h3 style=\"text-align: center;\"><img loading=\"lazy\" decoding=\"async\" class=\"wp-image-64 alignleft\" src=\"http:\/\/re-unir.net\/wp-content\/uploads\/2018\/04\/4D7E80CA-294A-465B-97EB-38143EF0B117-1024x774.jpeg\" alt=\"\" width=\"210\" height=\"158\" srcset=\"https:\/\/re-unir.net\/wp-content\/uploads\/2018\/04\/4D7E80CA-294A-465B-97EB-38143EF0B117-1024x774.jpeg 1024w, https:\/\/re-unir.net\/wp-content\/uploads\/2018\/04\/4D7E80CA-294A-465B-97EB-38143EF0B117-300x227.jpeg 300w, https:\/\/re-unir.net\/wp-content\/uploads\/2018\/04\/4D7E80CA-294A-465B-97EB-38143EF0B117-768x581.jpeg 768w, https:\/\/re-unir.net\/wp-content\/uploads\/2018\/04\/4D7E80CA-294A-465B-97EB-38143EF0B117.jpeg 1259w\" sizes=\"(max-width: 210px) 100vw, 210px\" \/><\/h3>\n<p>&nbsp;<\/p>\n<p><strong><em>\u00ab\u00a0Le vrai bonheur ne d\u00e9pend d\u2019aucun \u00eatre, d\u2019aucun objet ext\u00e9rieur. <\/em><\/strong><strong><em>Il ne d\u00e9pend que de nous.\u00a0\u00bb Tenzin Gyatso (14<sup>\u00e8me<\/sup> Dala\u00ef Lama)<\/em><\/strong><\/p>\n<p><em>\u00a0<\/em><\/p>\n<p style=\"text-align: center;\"><strong>SEPARATION\/EPUISEMENT\/MALADIE\/DEUIL\/NAISSANCE\/STRESS EMOTIONNEL\/AGRESSION<\/strong><\/p>\n<p style=\"text-align: justify;\">Vous ressentez un mal-\u00eatre, vous voudriez <strong>arr\u00eater le cycle des r\u00e9p\u00e9titions et retrouver plus de libert\u00e9s<\/strong> dans votre vie ou avancer dans un chemin de d\u00e9veloppement personnel.<\/p>\n<p style=\"text-align: justify;\">Vous traversez <strong>une \u00ab\u00a0crise\u00a0\u00bb\u00a0personnelle et\/ou conjugale et familiale<\/strong> et VOUS\u00a0:<br \/>\nVenez de vivre une <strong>s\u00e9paration<\/strong> douloureuse,<br \/>\nEtes <strong>\u00e9puis\u00e9<\/strong>(e) psychologiquement et physiquement,<br \/>\nSouhaitez <strong>accompagner<\/strong> un conjoint, parent, enfant, ami(e) <strong>malade,<br \/>\n<\/strong>Venez de <strong>perdre un \u00eatre cher,<br \/>\n<\/strong>Vous sentez <strong>submerg\u00e9(e) d\u2019\u00e9motions<\/strong> et vivez un <strong>traumatisme (agression, s\u00e9paration, emprise <\/strong>\u2026)<\/p>\n<p>&nbsp;<\/p>\n<p style=\"text-align: justify;\">Je suis l\u00e0 comme une \u00ab\u00a0sage femme\u00a0\u00bb pour vous aider \u00e0 accoucher d\u2019un mieux-Etre, en utilisant l\u2019approche d\u2019un arch\u00e9ologue\u00a0: d\u00e9licate, avec curiosit\u00e9 bienveillante, savoir-faire, en conscience et en coh\u00e9rence.<\/p>\n<p><img loading=\"lazy\" decoding=\"async\" class=\"wp-image-196 alignright\" src=\"http:\/\/re-unir.net\/wp-content\/uploads\/2018\/04\/IMG_9573-376x1024.jpg\" alt=\"\" width=\"135\" height=\"367\" srcset=\"https:\/\/re-unir.net\/wp-content\/uploads\/2018\/04\/IMG_9573-376x1024.jpg 376w, https:\/\/re-unir.net\/wp-content\/uploads\/2018\/04\/IMG_9573-110x300.jpg 110w, https:\/\/re-unir.net\/wp-content\/uploads\/2018\/04\/IMG_9573.jpg 530w\" sizes=\"(max-width: 135px) 100vw, 135px\" \/><\/p>\n<p>&nbsp;<\/p>\n<p style=\"text-align: justify;\">En cas de maladie, vous n\u2019\u00eates pas votre maladie. La maladie est un grand cri envoy\u00e9 par le corps pour signaler une souffrance souvent inconsciente.\u00a0<strong>REGARDER, ECOUTER et RESSENTIR ce que vous avez \u00e0 dire de mani\u00e8re consciente ou inconsciente et lire ce que ce corps a \u00e0 dire\u00a0<\/strong>: c\u2019est d\u00e9j\u00e0 prendre sa vie en main.<\/p>\n<p style=\"text-align: justify;\">Il ne s\u2019agit pas de remplacer la m\u00e9decine, ni les traitements m\u00e9dicaux prescrits mais d\u2019accompagner la personne dans un chemin de gu\u00e9rison plus globale utilisant diff\u00e9rentes approches en fonction de votre besoin et en douceur.<\/p>\n<p style=\"text-align: justify;\">\n","protected":false},"excerpt":{"rendered":"<p>&nbsp; \u00ab\u00a0Le vrai bonheur ne d\u00e9pend d\u2019aucun \u00eatre, d\u2019aucun objet ext\u00e9rieur. Il ne d\u00e9pend que de nous.\u00a0\u00bb Tenzin Gyatso (14\u00e8me Dala\u00ef Lama) \u00a0 SEPARATION\/EPUISEMENT\/MALADIE\/DEUIL\/NAISSANCE\/STRESS EMOTIONNEL\/AGRESSION Vous ressentez un mal-\u00eatre, vous voudriez arr\u00eater le cycle des r\u00e9p\u00e9titions et retrouver plus de libert\u00e9s dans votre vie ou avancer dans un chemin de d\u00e9veloppement personnel. Vous traversez une [&hellip;]<\/p>\n","protected":false},"author":1,"featured_media":0,"parent":0,"menu_order":0,"comment_status":"closed","ping_status":"closed","template":"","meta":{"footnotes":""},"_links":{"self":[{"href":"https:\/\/re-unir.net\/index.php\/wp-json\/wp\/v2\/pages\/6"}],"collection":[{"href":"https:\/\/re-unir.net\/index.php\/wp-json\/wp\/v2\/pages"}],"about":[{"href":"https:\/\/re-unir.net\/index.php\/wp-json\/wp\/v2\/types\/page"}],"author":[{"embeddable":true,"href":"https:\/\/re-unir.net\/index.php\/wp-json\/wp\/v2\/users\/1"}],"replies":[{"embeddable":true,"href":"https:\/\/re-unir.net\/index.php\/wp-json\/wp\/v2\/comments?post=6"}],"version-history":[{"count":19,"href":"https:\/\/re-unir.net\/index.php\/wp-json\/wp\/v2\/pages\/6\/revisions"}],"predecessor-version":[{"id":270,"href":"https:\/\/re-unir.net\/index.php\/wp-json\/wp\/v2\/pages\/6\/revisions\/270"}],"wp:attachment":[{"href":"https:\/\/re-unir.net\/index.php\/wp-json\/wp\/v2\/media?parent=6"}],"curies":[{"name":"wp","href":"https:\/\/api.w.org\/{rel}","templated":true}]}}